culate 8 + (-12 - 44) + 11 + (6 - 10).
-41
Calculate (1 - -7) + -2 + (-29 - -70) + -33.
14
Calculate (-447 - -430) + 37 + 1 + -2.
19
What is the value of 31 + -10 + (-32 - -28) + 35?
52
6 + 1 + 78 + -25 + -35 - (-2 + -1)
28
Calculate 75 + 16 + -77 - -40.
54
Evaluate (3 - (8 - 1 - (67 + -61))) + 36 + 3.
41
What is the value of 248 - 74 - 96 - 69?
9
Evaluate -61 + 49 + (-3 + 109 - 0).
94
Calculate 7932 + -7924 + (93 - (3 + -2)).
100
-24 + (-16 - -26) + (-4 - 1) + 50 + 1
32
-72 - (-53 + 127 - 234)
88
Evaluate -9 + 0 + -85 + 191 + -171 + 1 + -3.
-76
Evaluate 10 + 0 - (27 - 42 - -24) - (84 - 4).
-79
Calculate (-1 - -3) + -4 + 60 + (-41 - 19 - -57).
55
Calculate 56 - 25 - 110 - -43.
-36
Calculate -16 + (12 - 6) + (6 - 2 - -6) + -39.
-39
What is -15 + (-28 - ((-32 - -42) + -3))?
-50
What is the value of 1 + -1 + 8 + 525 + -505?
28
(4762 - 4796 - (12 - (0 - -1))) + -3
-48
What is -7 + -27 + (-18 - -27) + -22?
-47
What is the value of (6 - 5 - (-9 - (16 + 1))) + -2?
25
What is the value of 15 - (20 + -8 + 5) - 6 - 5?
-13
Calculate -22 + (-13 - -20) + 3 + 21 + -4 + 3.
8
Evaluate (-79 - 3) + (158 + 21 - 171).
-74
Calculate 14 + (38 - 17) - -6.
41
Calculate (-4903 - -4864) + 1 + -4 + 1 + (8 - 6).
-39
Evaluate -14 + 10 - ((-9 + -16 - -4) + 18).
-1
What is the value of (-99 + 12 + -15 - -20) + 24?
-58
Evaluate (-30 - (-47 + 34)) + (19 - 1) - -38.
39
Evaluate (53 - 66 - -29) + -118 + 5.
-97
Evaluate 14 - (4 + 6 + 16) - (5 + -3) - -123.
109
What is the value of -2 + -53 + 21 + (-30 + 12 - -5)?
-47
Calculate 15 + (-16 + 39 - 45).
-7
What is -22 - (-43 - (54 + -105))?
-30
Evaluate (-29 - 59) + 141 + (-4 - -21).
70
Evaluate (-18 - (9 + -26)) + -15 + 49.
33
Calculate 35 + (34 + -68 - -33) + -15.
19
Calculate (-76 + 13 - -38) + 97 - (-3 + 9 + 4).
62
Evaluate -6135 + 6103 + -1 + 25.
-8
65 + (-136 - -17) + (0 + -1 + 1 - -7)
-47
What is -1 + -9 + -2 + -2 - (354 - 402)?
34
Calculate 13 - (-25 + 41 + -13 - (4 + -11)).
3
What is the value of 3 + (-54 - (-7 + (13 - 12))) + 15?
-30
Evaluate (4 - 46) + (53 - (-51 - 40)).
102
Calculate (0 - -13 - 12) + -30 - -7.
-22
Calculate -18 + (0 - 41 - -26) + (0 - -8).
-25
Evaluate (114 + -23 - (17 + -4) - 5) + (8 - -6).
87
What is the value of 70 + -27 + -26 + -17?
0
Calculate 5 - (2 + (-13 - (8 - 15) - 28)).
37
What is 44 - ((-38 - -71) + 46)?
-35
What is 15 + (-2 - -1) + (32 - -4) + (-90 - -121)?
81
What is the value of 84 + (23 - 41) - -21?
87
Calculate 11 - (28 + -39 + 40).
-18
(-14 - -27) + -46 + (13 - -137)
117
Calculate (-1 - -19) + (744 - 789) - (2 + 6).
-35
2 + (-5 - (-12 + 12 + 2) - (55 - 5))
-55
-10 - ((-21 - -49) + 44 + -73)
-9
What is the value of 4 + ((-6 - 8) + 18 - 17 - -25)?
16
Evaluate (-31 - 0) + (-7 - -14 - (38 + -26) - -6).
-30
4 + -3 - (-2 + 1) - (-26 - -29)
-1
Evaluate 58 + (16 - 73) + 9.
10
Evaluate 2 + -144 + (-12 - (-2 + -2) - -2) - -14.
-134
-23 + 83 + -37 - -14
37
What is 50 - 2 - (52 + -56 + -10 - (-7 + -2))?
53
What is -11 - (181 + -194 - (2 - 1)) - 13?
-10
Calculate -143 + (151 - 220) + 157.
-55
Calculate -4 + 8 + -8 + (-25 - 0 - -13 - -98).
82
Evaluate (411 - 367) + -79 + -4.
-39
Evaluate 0 - -13 - (-28 + (-35 - (-21 - 128))) - -1.
-72
What is 0 + -3 + 5 + (34 - 10) + -9?
17
Calculate -22 + (9 - 34 - -102) - (2 - 1).
54
45 - 7 - (88 + -83)
33
Calculate -15 + 0 - (504 - 497).
-22
Calculate (-1 + 0 - (30 + -72 - -38)) + (18 - 1).
20
-747 + 678 - (4 - -10)
-83
-31 + (16 + 15 - -12)
12
What is (-75 + 1 - (-40 + 3 + 21)) + (1 - -3)?
-54
(0 - -33) + -2357 + 2337
13
Evaluate -40 + 1 + (131 - (-94 - -201)) + -1 + 110.
94
What is (184 - 173) + (-24 - -4) - -4?
-5
Calculate 4 - ((84 - -11) + -79).
-12
What is the value of 43 + -3 - (5 + 67)?
-32
What is (2555 - 2538) + (1 - 36)?
-18
Evaluate 609 + -549 - (30 - -1).
29
(-14 - (-42 + 15)) + -34
-21
Calculate 54 + -1 + (-1368 - -1304).
-11
(11 - -5 - (-27 + 39)) + 33
37
Evaluate (-8 - -10) + 6 + 14 + -25 - -6.
3
Evaluate 46 + (-328 - -280) + (59 - 1).
56
17 + (8 + 11 + 5 - -17) + -2 + -2
54
What is the value of -15 + 23 + -24 + 16 + (-39 - 0)?
-39
Calculate 33 + 11 + 9 + -26.
27
-18968 - -18969 - ((3 - 2) + -1 + -18)
19
Evaluate -21 - -10 - 36 - -8 - (31 - 29).
-41
164 + -86 + -79 + (40 - (-6 + 3))
42
Calculate (3 - 1) + (30 - 84) - (23 + -37 - -5).
-43
What is the value of (-60 + 24 + 50 - (54 + -3)) + -3 + 0?
-40
(-4 + -1 + 0 - (17 - 24 - -13)) + 10
-1
Calculate -18 - -5 - (-16 + (1 - (5 - -50))).
57
-9 - (111 - -32) - -109
-43
Evaluate 1 - ((-15 - (-11 + -10)) + -14).
9
Evaluate (-7 - (-43 + 18)) + -36 - -7.
-11
-25 + (-13 - -90 - 10)
42
Evaluate (4 + -75 - 8) + -3 + (24 - 13) + 0.
-71
What is -182 + 165 - (-3 + 3 - 7)?
-10
Evaluate 196 + -175 - (60 - 0) - 22.
-61
Evaluate 91 + -17 - -9 - (5 - 0) - (-8 - -11).
75
Evaluate (1 - -12) + (-78 + 82 - -4).
21
Evaluate -3 + 13 + -7 + (6 - 4).
5
(-34 - (11 - (-8 + 25))) + 32
4
What is -10 - 6 - (-66 + (-12 - -21 - 10))?
51
What is -62 + 69 + 31 - (-2 - -106)?
-66
What is 15 + -1 + (2 + 13 + -75 - -21)?
-25
Calculate -134 + 155 + -8 + 5.
18
What is -149 - -195 - (-45 - -20)?
71
Evaluate -49 + 9 - ((-9 - (-9 + -1)) + 5).
-46
Evaluate 2 + 45 + 23 + -26.
44
0 + (7 - (21 + -13)) - (-4 - (24 - 2))
25
(-4 - 50) + (-32 - 3)
-89
What is the value of (2 + (10 - 13) - (-10 + 1 - -4)) + 25?
29
Calculate -10 + (18 - (-17 + 30)) - (11 + 12).
-28
Calculate (-10 + 9 - -13) + (0 - -2) + -33.
-19
What is (-9 - (18 + -18)) + 10 + 57?
58
What is 11 - ((95 - 0) + (1202 - 1222))?
-64
683 - 657 - (35 + -2) - -3
-4
Evaluate -19 - ((0 - -1) + (-729 - -621)).
88
Calculate -2344 + 2331 - (75 + -1).
-87
47 - ((11 - -23) + -62 + -20)
95
68 - (-56 - -15) - (-3 + -1 + -8)
121
Calculate (49 - 86) + -1 + 51.
13
What is 71 - (-1 - 2) - (74 + 1 + -89)?
88
-2 - 40 - (-9 + -4 + 12 - 2)
-39
Calculate -221 + (76 - (-99 - -65)).
-111
What is the value of -4 + (208 + -173 - (-4 - (2 + 5 + -5)))?
37
Evaluate -691 + 664 + (1 - -34).
8
What is (0 - (-10 - (-31 + 17))) + (-11 - (-3 + 0))?
-12
What is 64 + 1 - (14 + (-28 + 14 - 3) - 1)?
69
What is -106 + 5 + -522 + 709?
86
-37 - (-28 + -8 - 63)
62
What is -23 + 18 + (2 - 3 - (0 + 7 + -59))?
46
-26 - -65 - -18 - 25
32
What is -51 - (3 - -17 - (53 + -13))?
-31
Evaluate 28 - 1 - (2194 - 2159).
-8
What is -52 + (37 - 48) + 0 + 3 + 4?
-56
What is -10 + 5 + 5 + -2 + (-18 - -22)?
2
What is the value of 4 + (17 + (15 - 56) - 10)?
-30
3 + -12 - (-1 + 0 - (-80 + 33) - -4)
-59
43 - (-3 + (10 + -7 - (1 - (0 + -13))))
57
9 + (369 - 372) + 1 + 49 + -14
42
Evaluate 99 - (115 + -101 - -128).
-43
(-2 - 1 - (-4 + 0 + 7)) + 87 + -138
-57
(-6 + 96 - (-136 - -181)) + (0 - -8)
53
What is the value of 185 + -195 - (58 - -13)?
-81
Evaluate -6 + 49 - (155 - 93).
-19
What is -20 - -3 - (-34 + (44 - (-35 + -1)))?
-63
Calculate (47 - 102) + 38 + 17.
0
-2 - 0 - (5057 - 5047)
-12
What is -22 + (-31 + 54 - 9)?
-8
Evaluate 22 + (74 - (-66 - -87)).
75
-1 + (2 - (5 - -29)) + (-33 - -28)
-38
Calculate (62 - (114 - 55)) + 20 + -3.
20
(-85 + 81 - (-1 + 1)) + (-2 - -27)
21
10 + -40 + -78 + -14 + 10
-112
What is the value of -26 + (-21 + 39 - (3 + -6)) + -6 + 0?
-11
What is (-5 - (9 - 9) - 4) + (-3 - (-11 - -4))?
-5
-72 - (36 + -66 + (-4 - -7))
-45
What is the value of (47 - 44) + (-17 - 33)?
-47
What is -35 + 33 - (-5 - (-26 + 0))?
-23
Evaluate 2040 + -1998 + 1 + -38.
5
(-9 + (12 - (2 + 5) - -8) - 49) + -7
-52
Calculate 3 - -3 - (2 + -27 - -4).
27
(99 - -1) + (910 - 937) + 0 + 2
75
What is 33 + 53 + -9 + (157 - 117)?
117
-2 + (-7 - -74) + (4 + 23 - 7)
85
7 + 1 + 2 + (20 - -39 - 46)
23
Calculate (1 - (-53 + 70)) + -1 + 8 + 4 + -39.
-44
What is -14 - -72 - (61 + 8)?
-11
Evaluate 39 + 35 + (-16 - -24) + -90.
-8
Calculate (-3 - (-5 + -2) - 1) + (507 - 502).
8
What is 4 + 7 + (-156 - -206) + -3 + 14 + -4?
68
What is the value of (-30 - -51) + (-4 - 1) - (-10 - 81)?
107
What is the value of (91 + 42 - 163) + (2 - -26)?
-2
Calculate 12 + -19 - ((9 - -44 - 9) + -9).
-42
Evaluate 11 + -10 + -7 + -5 + 0 - -4.
-7
(-27 - (8 - 53) - 4) + -79
-65
What is 45 + 28 - 72 - (-2 - (-2 - -73))?
74
What is (1 - -1) + 26 + -25 + -22 + (1 - 10)?
-28
Calculate 2 - -101 - (517 + -487) - 13.
60
-209 + 223 + (2 + -5 - 12 - 2)
-3
33 + -23 + (-39 - 12)
-41
-1 + 0 - (12 + -70) - (13 + (-24 - -16))
52
What is (-9 - -3) + 30 + (7 - 29)?
2
What is the value of (343 - 322) + 0 + 0 